3993278?
False
Is 72328200 a multiple of 1785?
True
Does 234 divide 15460614?
True
Does 8 divide 117844?
False
Is 10 a factor of 19949560?
True
Is 48 a factor of 63793152?
True
Is 931736 a multiple of 26?
True
Does 832 divide 60116160?
True
Does 33 divide 647942200?
False
Is 1576632120 a multiple of 35?
True
Does 83 divide 128520355?
False
Does 482 divide 3469895?
False
Is 172478706 a multiple of 786?
False
Is 29 a factor of 4001014000?
True
Does 3832 divide 206249100?
False
Is 804 a factor of 13137704?
False
Does 1103 divide 736606345?
False
Is 226 a factor of 3086934?
True
Does 1123 divide 121732077?
True
Does 12 divide 6988545?
False
Is 645 a factor of 99468484?
False
Does 68 divide 25701123?
False
Is 78473530 even?
True
Is 392 a factor of 107934795?
False
Is 273 a factor of 2827906536?
True
Is 5 a factor of 3221810?
True
Is 499541956 a multiple of 239?
False
Does 39 divide 102730095?
True
Is 5178 a multiple of 13?
False
Is 9364797 a multiple of 1867?
False
Is 41996815 a multiple of 35?
True
Is 265684903 a multiple of 5071?
True
Does 32 divide 51564544?
True
Is 30592429 a multiple of 19?
False
Is 23 a factor of 2029167433?
True
Does 43 divide 10696078?
True
Does 6 divide 20111796?
True
Is 1432277451 a multiple of 990?
False
Is 67 a factor of 381781366?
False
Does 8 divide 14578400?
True
Does 18 divide 21461139?
False
Is 136 a factor of 63867912?
True
Does 11 divide 27217461?
False
Is 1519 a factor of 64920541?
True
Does 12 divide 1238645?
False
Does 43 divide 176211678?
True
Does 23 divide 92857609?
False
Is 70 a factor of 35107380?
True
Is 580 a factor of 552362119?
False
Is 571 a factor of 538177778?
True
Does 303 divide 72262167?
True
Is 95 a factor of 119648985?
True
Does 7 divide 30084540?
False
Does 32 divide 24510048?
True
Is 3354263974 a multiple of 14?
False
Is 530 a factor of 3726824?
False
Is 665700224 a multiple of 448?
True
Does 1104 divide 568797360?
True
Does 75 divide 196504259?
False
Is 1392522326 a multiple of 221?
True
Is 12697980 a multiple of 17?
True
Does 14 divide 44447802?
True
Is 12 a factor of 24690888?
True
Is 15 a factor of 2767455?
True
Is 2 a factor of 193017883?
False
Is 36 a factor of 243883298?
False
Does 4 divide 977512146?
False
Is 117 a factor of 12600976?
False
Is 1160 a factor of 1072034880?
True
Is 858 a factor of 194119068?
True
Is 3 a factor of 202594?
False
Is 635142225 a multiple of 20?
False
Does 5475 divide 3207547302?
False
Is 1930195563 a multiple of 2077?
True
Does 272 divide 345278792?
False
Does 39 divide 111778641?
True
Is 3671747 a multiple of 113?
False
Is 729014110 a multiple of 24?
False
Is 313423053 a multiple of 13?
False
Is 37791348 a multiple of 277?
False
Is 1716 a factor of 46827924?
True
Is 534 a factor of 137275446?
False
Is 2281 a factor of 246071999?
True
Is 5482043 even?
False
Does 5 divide 69597952?
False
Is 23970 a multiple of 102?
True
Is 3357 a factor of 146828466?
True
Is 223 a factor of 111577381?
True
Is 227099976 a multiple of 6819?
True
Is 910400680 a multiple of 236?
True
Is 135 a factor of 348879453?
False
Is 22 a factor of 62919296?
True
Is 17310518 a multiple of 5255?
False
Is 642810216 a multiple of 4647?
True
Does 559 divide 774100806?
False
Is 18 a factor of 204403950?
True
Does 225 divide 23943151?
False
Does 18 divide 2877999926?
False
Is 17341400 a multiple of 10?
True
Does 355 divide 101577396?
False
Is 329406400 a multiple of 2900?
False
Does 16 divide 49031328?
True
Is 655 a factor of 118172312?
False
Does 607 divide 91741174?
False
Does 18 divide 1203290136?
True
Is 8 a factor of 3040136?
True
Does 2389 divide 249251376?
False
Does 156 divide 374200320?
True
Is 27577740 a multiple of 60?
True
Is 550672756 a multiple of 844?
False
Does 2313 divide 359181274?
False
Is 20182120 a multiple of 392?
True
Does 13 divide 40789738?
False
Is 5 a factor of 166240555?
True
Is 307359133 a multiple of 16?
False
Is 134558963 a multiple of 77?
True
Is 19 a factor of 317877239?
True
Is 18 a factor of 251015?
False
Is 4560 a factor of 95436985?
False
Is 119975232 a multiple of 79?
False
Is 17 a factor of 1102076?
True
Is 886027019 a multiple of 136?
False
Does 23 divide 1245257996?
True
Is 9 a factor of 272913381?
True
Is 217 a factor of 3646801?
False
Does 11 divide 76851652?
False
Is 28 a factor of 176274063?
False
Is 275240196 a multiple of 868?
True
Does 6 divide 15558062?
False
Is 831 a factor of 170829975?
False
Is 13 a factor of 1793626147?
False
Is 250 a factor of 49949750?
True
Is 1040 a factor of 468267280?
True
Does 106 divide 1289211295?
False
Is 79062189 a multiple of 1637?
True
Is 15 a factor of 4525905?
True
Is 100013790 a multiple of 485?
True
Does 132 divide 3111224?
False
Does 301 divide 5752110?
True
Is 5 a factor of 12138875?
True
Is 244089379 a multiple of 1954?
False
Does 42 divide 4779096?
True
Is 14587931 a multiple of 154?
False
Is 680442084 a multiple of 138?
False
Is 56985269 a multiple of 738?
False
Is 6 a factor of 437169642?
True
Is 914650684 a multiple of 71?
True
Is 859 a factor of 229800539?
True
Does 467 divide 191154090?
False
Is 3252 a factor of 55205952?
True
Is 7 a factor of 256694942?
True
Is 139367758 a multiple of 12?
False
Is 581 a factor of 78261536?
False
Is 174 a factor of 1755619980?
True
Is 41713668 a multiple of 9?
True
Does 65 divide 221296?
False
Is 54651520 a multiple of 44?
True
Does 226 divide 110009097?
False
Is 10847 a factor of 107341912?
True
Does 10 divide 390321450?
True
Does 1039 divide 38564228?
False
Is 85825076 a multiple of 254?
True
Is 684820126 a multiple of 133?
False
Is 10349005 a multiple of 208?
False
Is 495 a factor of 91329011?
False
Is 14348060 a multiple of 40?
False
Is 39 a factor of 1114445751?
False
Is 1107240326 a multiple of 8?
False
Does 962 divide 6280898?
True
Does 191 divide 9899022?
False
Is 3348211020 a multiple of 15?
True
Does 344 divide 475354558?
False
Is 1772 a factor of 241266228?
False
Is 21 a factor of 1526422152?
False
Does 17 divide 193504642?
True
Does 11 divide 1082898579?
False
Does 54 divide 64308168?
True
Is 7 a factor of 1380260?
True
Is 195243978 a multiple of 3642?
True
Is 64 a factor of 90740992?
True
Does 1902 divide 814404622?
False
Is 1830054174 a multiple of 78?
True
Does 10 divide 13652772?
False
Is 475359280 a multiple of 983?
False
Is 4 a factor of 69398452?
True
Is 371821298 a multiple of 25?
False
Does 7376 divide 536095056?
True
Is 193549664 a multiple of 1351?
True
Is 3512 a factor of 343666589?
False
Does 344 divide 301904492?
False
Does 176 divide 41126799?
False
Is 38334912 a multiple of 3?
True
Does 148 divide 204230941?
False
Does 20 divide 1001612060?
True
Is 4073478 even?
True
Is 66321590 a multiple of 190?
True
Is 139 a factor of 874284702?
True
Does 29 divide 600283905?
True
Is 21 a factor of 837918750?
False
Does 127 divide 7380203?
False
Is 18906433 a multiple of 14?
False
Does 33 divide 161424879?
True
Is 57146715 a multiple of 2235?
True
Does 722 divide 638788778?
True
Is 19 a factor of 98228946?
False
Is 119 a factor of 198878825?
False
Is 933148224 a multiple of 51?
True
Does 29 divide 1055036936?
True
Is 727328118 a multiple of 1154?
True
Does 275 divide 177268333?
False
Is 14038272 a multiple of 18?
True
Does 32 divide 33744384?
True
Is 31527930 a multiple of 870?
True
Is 1058 a factor of 736097189?
False
Is 275057126 a multiple of 263?
False
Is 67798318 a multiple of 33?
False
Is 22461216 a multiple of 272?
True
Does 20 divide 37262020?
True
Does 1032 divide 7593993460?
False
Is 42 a factor of 2230326?
True
Does 19 divide 58740393?
False
Is 48 a factor of 1979701?
False
Does 6 divide 198648449?
False
Is 1428035 a multiple of 5?
True
Does 54 divide 1458334?
False
Does 28 divide 1211800072?
True
Is 3583609848 a multiple of 234?
True
Is 2291145 a multiple of 379?
False
Is 332 a factor of 32726568?
True
Is 429261300 a multiple of 234?
True
Is 283338653 a multiple of 952?
False
Is 30562074 a multiple of 666?
True
Is 1300993972 a multiple of 449?
False
Is 78689160 a multiple of 110?
True
Is 3558538715 a multiple of 46?
False
Is 146488368 a multiple of 3891?
True
Is 2581269 a multiple of 306?
False
Is 83 a factor of 44587849?
True
Does 7856 divide 611809568?
True
Is 368 a factor of 87692192?
True
Is 11407909 a multiple of 693?
False
Does 64 d